-z + 36 = -0*z. Let d be 359/((-232)/120 - -2). Suppose -1095 = -20*f + d. Calculate the highest common divisor of z and f.
36
Let b = 364 - 231. Let x = 308 - b. Calculate the highest common factor of 7 and x.
7
Let l = 36 - 16. Suppose 170 = l*h - 15*h. Let b be h/(-119) - (-4484)/14. What is the greatest common factor of 40 and b?
40
Let a = 30184 + -29810. What is the highest common divisor of a and 3638?
34
Suppose -4*i + 6759 = -4*z - z, -5078 = -3*i + 2*z. Let a = i + -1122. What is the greatest common factor of 14 and a?
14
Suppose -40*v + 47*v + 91 = 0. Let d be ((-78)/(-12))/v*-198. Calculate the highest common divisor of 11 and d.
11
Let v = 3284 + -3264. What is the highest common divisor of 530 and v?
10
Let r be -3 + ((-38)/(-8) - (-9)/36). Suppose r*q = 892 - 182. Calculate the highest common divisor of q and 142.
71
Let y(r) = 53*r + 3455. Let b be y(-64). What is the highest common factor of b and 27?
9
Let d be (-856)/(-36) - (152/(-36) - -4). Suppose 23*g + 18 = d*g. Calculate the greatest common factor of 288 and g.
18
Let f be (11 - (-10 - -16))*(-1 + 3464/10). What is the highest common factor of 77 and f?
11
Let n be ((3 - 5) + -10)/(3/4). Let d be 2/n + (-27897)/(-136). Suppose -d = -u - 7*z + 2*z, u - z - 175 = 0. Calculate the highest common divisor of 36 and u.
36
Suppose -765 + 2837 = 28*q. Suppose -n - 90 = -4*n. Suppose f = q + n. Calculate the greatest common divisor of f and 13.
13
Suppose 4*c = -5*v + 364, -5*v = 8*c - 13*c + 500. Calculate the greatest common divisor of 272 and c.
16
Let a(z) = -2*z**2 - 87*z + 120. Let j be a(-39). What is the greatest common factor of 314 and j?
157
Let g = -15771 - -24731. Calculate the greatest common divisor of 192 and g.
64
Let j be (-7)/2 + 2/(-4). Suppose f = 35*g - 39*g - 2, 3*g + 15 = -3*f. Let m be -252*j/f*(-9)/12. Calculate the highest common factor of 14 and m.
14
Let x = 18 + 34. Let k be (-45591)/(-195) - 1/(-5). What is the highest common divisor of k and x?
26
Let r = -7977 - -8108. Calculate the highest common divisor of r and 2.
1
Let s(p) = -2*p**3 - 2*p**2 + 5*p + 62. Let z be s(-4). Calculate the highest common divisor of z and 184.
46
Let z be (1 - -53)*(-4)/(-12). Suppose 6*g + 0 = z. Suppose 4*l - 18 + 66 = 4*m, m + g*l - 20 = 0. What is the greatest common divisor of 56 and m?
14
Suppose 2*b = 5*w, -6*b + 2*b = w. Suppose b = -11*o + 2*o + 549. Calculate the greatest common divisor of 61 and o.
61
Suppose 4*c + r = 20, -32*c + 31*c + 4*r - 12 = 0. Let f = -64 + 136. What is the greatest common factor of c and f?
4
Let y be (0 - -2) + (-67)/(-1). Let l be ((-966)/(-6))/((-133)/(-627)). What is the highest common factor of l and y?
69
Let p be (2 - -45) + (-3)/3. Let v be 115*(-11)/(-220)*56. What is the greatest common divisor of p and v?
46
Let x(i) = i**2 - 9*i + 8. Let m be x(8). Suppose m = -l - 4*l + 155. Let q be (-162)/(-36) - 8395/(-146). Calculate the greatest common factor of l and q.
31
Let c be -210*((-10)/(-165) + (6787/1815 - 9)). Calculate the highest common factor of c and 252.
84
Let i = 4282 - 4222. What is the highest common divisor of 6060 and i?
60
Let y be (1*(-962)/2)/(-1). Let s(k) = -1171*k + 10552. Let r be s(9). Calculate the highest common factor of y and r.
13
Let f be 4*(-2)/(-4)*99. Suppose 0 = -5*v + 3*h + 539, -103 = -v - 6*h + 5*h. Let l = v + -88. Calculate the greatest common divisor of f and l.
18
Let a(s) be the first derivative of -s**3/3 - 4*s**2 + 33*s - 102. Let u be a(-6). What is the highest common divisor of 855 and u?
45
Let b(c) = 4*c + 6*c - 9 + 9*c**2 + 23 + c**3. Let x be b(-8). Let g(d) = -279*d + 14. Let h be g(x). What is the greatest common factor of 52 and h?
52
Let l(w) = -19*w + 13. Let d(a) = -56*a + 41. Let v(m) = -6*d(m) + 17*l(m). Let u be v(13). What is the greatest common factor of u and 9?
9
Let a be (3463/2 - 1)*(-2)/(-1). Suppose 0 = -11*i - 271 + a. What is the highest common factor of 10 and i?
10
Let c = -248 - -341. Let r(y) = y**2 - 2*y - 8. Let b be r(-7). Let z be (-10)/b + (-684)/(-11). What is the greatest common factor of c and z?
31
Let k(f) = -4*f - 29. Suppose 2*s + 5*d = -29 - 18, -36 = s + 5*d. Let i be k(s). What is the highest common factor of i and 10?
5
Suppose 0 = -5*y + 3*l - 43, -l + 4 = 3*l. Let x be y/4 + 7/(21/78). Suppose -2*a = 8, 0 = s + 3*s + 5*a - 12. Calculate the highest common divisor of x and s.
8
Suppose -3*c - 4*p + 189 = 0, 20*c - 17*c - 2*p = 207. Calculate the highest common divisor of 201 and c.
67
Let r = -531 + 546. Let n(d) = 6*d - 180. Let l be n(38). What is the greatest common divisor of l and r?
3
Suppose 0 = -z + 5*m - 440, -5*m + 38 = z + 528. Let a = 1060 + z. Calculate the highest common divisor of 85 and a.
85
Let u = 16329 + -16245. What is the greatest common divisor of 14721 and u?
21
Let y be 9/21*2*(32 - -3). Let r = y + -21. Calculate the greatest common divisor of 315 and r.
9
Let a(n) = 69*n + 1. Let t be a(3). Let g(x) = -2*x**3 - 4*x**2 + 339*x + 55. Let h be g(-14). Calculate the greatest common factor of t and h.
13
Let d = -113 - -115. Suppose -d*r + 5*r = -3*v + 18, -r - 4 = -4*v. Suppose -r*y = -421 + 37. What is the highest common factor of y and 72?
24
Let l(n) = n**2 - 74*n + 1341. Let s be l(49). Calculate the highest common divisor of s and 34.
2
Let x = 38 - 38. Suppose 12*h - 16*h - 256 = x. Let t = 26 - h. What is the highest common divisor of t and 18?
18
Let y = 392 + -308. Calculate the highest common factor of 133 and y.
7
Suppose -28*i = -17359 - 12153. Calculate the highest common divisor of 68 and i.
34
Let s = 17 + -12. Suppose -5*w = 5*a - 6 - 9, -4*a = s*w - 11. Let h(q) = 46*q**2 + q. Let z be h(w). Calculate the greatest common divisor of z and 30.
15
Let u be 385/14*36/10. Let a = u + -87. Let s be ((-20)/50)/(2/(-660)). What is the greatest common divisor of s and a?
12
Let j be (-9)/(-6) - (-4 + 261/(-6)). Let y = j + -11. What is the highest common factor of 19 and y?
19
Let s(y) = 7*y + 43. Let b be s(-5). Suppose 103 = b*k - 41. Calculate the greatest common divisor of k and 54.
18
Suppose 2522 = 5*m - 2353. Suppose 0 = 17*z - 12*z - m. What is the greatest common factor of 15 and z?
15
Let c = -2111 - -2114. What is the highest common divisor of c and 2?
1
Suppose -2*b + 4 = 0, 15*v - 138 = 11*v + 5*b. Let p = 1 + v. What is the highest common factor of 38 and p?
38
Suppose 3*l + 2*h - 123 = 0, 5*h = -13 + 28. Suppose i + 1475 = 2*z, 5*z + 2*i = 3*i + 3698. What is the highest common factor of l and z?
39
Let m = -103 + 108. Suppose -m*b - 3*h - 4 = 4, 1 = 3*b - 4*h. Let l be (-1)/b*(-14 - 8)*-12. Calculate the highest common factor of 24 and l.
24
Let g(r) = 2*r**2 - 47*r + 422. Let q be g(10). What is the greatest common divisor of 5776 and q?
152
Suppose 0 = -9*a + 14*a - 360. Suppose -27 = -3*j + a. Let o be (4 + j/(-9))*33. What is the highest common divisor of 44 and o?
11
Let a be 0 + (-64)/8 - -264. Suppose 5*p = -0*p - w - 165, -5*w = p + 57. Let g = 64 + p. What is the highest common factor of g and a?
32
Suppose 5*m + 3*y = 4030 + 5215, -2*m = 3*y - 3698. What is the greatest common factor of m and 43?
43
Suppose 4*f + 5*t = 206, -4*f + 4*t - 5*t + 214 = 0. Suppose 31*o - 32*o + f = 0. Calculate the greatest common factor of 81 and o.
27
Suppose -912576 = -294*p - 42*p. What is the highest common divisor of 970 and p?
194
Let l = -99 + 16. Let a = 93 + l. Calculate the greatest common factor of 10 and a.
10
Suppose -8*v + 13*v = 210. Suppose 11*x - 1728 - 813 = 0. What is the highest common divisor of x and v?
21
Let s(o) = -2*o**2 - 4*o + 22. Let c be s(-4). Let k = -15 + 63. Calculate the highest common divisor of c and k.
6
Let g be (-1 - 0)/(49/(-3871)). Suppose -64*a - 30 = -g*a. Calculate the highest common factor of 4 and a.
2
Let c(n) = -16*n + 641. Let b be c(26). What is the highest common divisor of b and 99?
9
Suppose -111*v = 1392 - 2058. What is the highest common divisor of 105 and v?
3
Suppose -16*c = -5*c + c. Suppose c = -t + 64 + 8. Calculate the greatest common factor of t and 40.
8
Let q be (-201)/(-737) - (-107)/11. Calculate the greatest common divisor of q and 17090.
10
Suppose -9*s - 3707 = 2*s. Let d = s - -355. Calculate the highest common factor of d 